Suppose -76 = -5*s - 3*f + 114, 0 = -2*s + a*f + 55. Let d = s - 18. What is the units digit of d?
7
Suppose 14*v - 41080 = 6*v. Suppose 3*u - 4*z + 0*z - v = 0, -1719 = -u + 5*z. What is the thousands digit of u?
1
Let q(z) = 2082*z**2 - 26*z + 112. What is the units digit of q(3)?
2
Suppose -1808*a = -1816*a + 266024. What is the hundreds digit of a?
2
Suppose 4*u - 3*u = 10. Let t be 26096/35 + 4/u. What is the tens digit of 4/(-24) - t/(-12)?
6
Let h(w) = 17 + 13*w + 2*w - w**2 - 34. Let r be h(14). What is the tens digit of ((-2)/1 - -90) + r?
8
Let y(v) = v**3 + 31*v**2 + 31*v + 24. Let o be y(-29). Suppose -8*s + 3137 = -o. What is the units digit of s?
3
Let s(j) = j**2 - 10*j + 12. Let h be s(8). What is the hundreds digit of (44/33)/(6*h/(-21420))?
1
Suppose -5*p + 2*o + 7 = -2, -3*p + 11 = -4*o. What is the tens digit of ((p - -6)*-1)/(9/(-1233))?
5
Let l(f) = -2*f**2 + 3*f + 2. Let o be l(-6). Let v be (o/55)/((-4)/10). What is the units digit of (v/(-2) - 2) + 66?
2
Suppose 3*k - 20796 = 3*w, 32*k - 6*w + 6918 = 33*k. What is the thousands digit of k?
6
Let k(y) = -4*y**2 - 4*y - 5. Let r be k(-1). Let l(x) = 12*x**2 - 11*x + 1. What is the tens digit of l(r)?
5
Let u be ((-10)/3)/((-24)/144). Let o(v) = -v**2 + 28*v - 25. What is the units digit of o(u)?
5
Let r be (2/(-2))/(-2 - 0)*20. Let h be 3/((-6)/4)*1. What is the hundreds digit of (505/r)/(h - (-10)/4)?
1
Suppose -23*a + 5366 = -3811. Suppose 3*i - 183 = a. What is the hundreds digit of i?
1
Let i be (15/4)/((-5)/((-140)/21)). Suppose 5 = -i*v, 12*f + 3*v - 438 = 11*f. What is the hundreds digit of f?
4
Suppose 165 = -3*z + 8*z. Let c = z - 33. Suppose 5*u - 100 - 35 = c. What is the tens digit of u?
2
Suppose 0 = -0*g - g + 5*v - 13, -3*g + 2*v = 0. Suppose -4*t = 4*a - 320, -4*t - g*a = -5*a - 341. Suppose 2*w + 31 = t. What is the units digit of w?
6
Let m(p) = 10*p**3 - 2*p**2 + p. Suppose 3*j - 3 = -0. Suppose -c - 2*u + 0*u = -j, 0 = -u. What is the units digit of m(c)?
9
Let c be (-509)/(-3) + 8/(-12)*1. Let q = c + -354. Let z = 259 + q. What is the units digit of z?
4
Suppose -17*r = -10*r - 245. Let y = r + 84. Let g = y + -53. What is the units digit of g?
6
Let z(o) = -o**3 - 13*o**2 + 6*o - 38. Let d be z(-16). Suppose d = 3*g - t, -g - 21*t + 209 = -19*t. What is the tens digit of g?
1
Let t(g) = 167*g**2 - 1062*g - 22. What is the hundreds digit of t(-17)?
2
Suppose -14 = 2*a, 9*v - 7*v - 54869 = -13*a. What is the hundreds digit of v?
4
Suppose -9*q = -0*q + 10*q - 50863. What is the thousands digit of q?
2
Let y(z) = 14*z**2 - 3*z - 9. Let t(d) = -d**3 + 7*d**2 - 3*d - 14. Let c be t(6). What is the hundreds digit of y(c)?
2
Let v(i) = -808*i**2 + 2*i + 3. Let t be v(-1). Let h = t + 1238. What is the units digit of h?
1
Let k = 6473 + 8758. What is the ten thousands digit of k?
1
What is the tens digit of (-5)/((-8)/(-69744)*-6)?
6
Let d(y) = 2*y**3 - 12*y**2 + 2*y - 11. Let k be d(6). Let w(z) = -86*z**2 + 2*z - 3. Let p be w(k). Let f = 36 - p. What is the units digit of f?
3
Suppose -3*k + 45953 = d, 4*k - 5*d = 26038 + 35220. What is the thousands digit of k?
5
Let t be (392/6)/((-6)/(-9)). Let n = 473 + -333. Let j = n + t. What is the hundreds digit of j?
2
Let c be (-16)/6*9*(-9)/(-54). What is the tens digit of 2*-2 - 15535/52*c?
9
Let i(w) = -125*w + 1422. What is the thousands digit of i(-24)?
4
Let n be ((-78)/4)/(3*3/(-36)). Let i = n + 14. What is the units digit of i?
2
Suppose -1055*z - 60229 = -1096*z. What is the thousands digit of z?
1
Let g(r) = -6*r**2 - 3*r - 11. Let u be g(-10). Let y = u - -886. What is the tens digit of y?
0
Let v(p) = -281*p + 3948. What is the tens digit of v(-52)?
6
Let n(m) = -2*m**3 - 2*m**2 + 976*m + 42. What is the thousands digit of n(-33)?
7
Suppose -6*r + 2*r = -24*r + 67840. What is the units digit of r?
2
Let y(n) = -n**2 + 2*n + 4. Let g = -6 + 6. Let t be y(g). Suppose 4*w - t - 44 = 0. What is the units digit of w?
2
Let i be ((-269)/(-2) - 1)*(-232)/(-87). Suppose x + 3*x = i. What is the tens digit of x?
8
Let n(i) = -i + 3. Let m(k) = 5*k + 17. Let a(t) = m(t) + 6*n(t). What is the tens digit of a(19)?
1
Let d be (-20)/(-70) - (-52)/14. Suppose -5*b - 3*t = 16, 0 = 2*t - d*t - 4. What is the tens digit of (10/b - -2) + (-800)/(-5)?
5
Let x = -1967 + 2885. Let o = -568 + x. What is the hundreds digit of o?
3
Let c be (-356)/534 + -2*(-1)/3. Suppose 17*i - 4035 + 1264 = c. What is the units digit of i?
3
Let q = 34 - 32. Suppose 4*o - q*o + 3483 = -3*b, 3*o - 4*b = -5182. What is the units digit of (-7)/(105/o) + (-6)/(-15)?
6
Let f(a) be the third derivative of -a**6/120 + 31*a**5/60 - a**4/4 + 22*a**3/3 - 14*a**2. Let l be f(31). Let n = -99 - l. What is the units digit of n?
3
Suppose 4473519 = 177*w - 26*w - 2397585. What is the tens digit of w?
0
Let f(h) = -17*h**3 - 6*h**2 + 92*h + 198. What is the hundreds digit of f(-2)?
1
Let s = 43706 - -20450. What is the units digit of s?
6
Let v(t) = 8*t**2 - 13*t + 25. Let k be v(11). Suppose 2*y + 10 = 0, -3*b = 5*y - y - k. Suppose -8*u = -3*u - b. What is the units digit of u?
8
Let q(u) = -151*u + 7. Let b = -35 - -37. Suppose 3 = -5*h - b. What is the units digit of q(h)?
8
What is the tens digit of 42/(-56)*7*-1464?
8
Suppose 109 = -2*u - 135. Let x = -74 - u. What is the units digit of x/2 - (6 + -8)?
6
Suppose 332478 - 235767 = 20*x - 272809. What is the thousands digit of x?
8
Let z(j) = 2*j**2 - 27*j + 14. Let r be z(12). Let g = r + 4. What is the units digit of (1/(9/(-402)))/(12/g)?
7
Let g be 8/(-12) - (-46)/6. Let n = -1048 - -1051. Suppose 5*x - 225 = n*l, g*x - 2*l = 4*x + 136. What is the tens digit of x?
4
Let a(h) = 32*h**2 - 73*h - 3845. What is the hundreds digit of a(-33)?
4
Let l(t) = 5*t**3 + t**2 + 3*t - 2. Suppose 2*i + 35 = 9*i. Let w be l(i). Suppose -15*j = -w + 153. What is the units digit of j?
4
Let f(c) = -c**3 + 6*c**2 + 20*c - 1. Let b(a) = a**3 + 13*a**2 - 2*a - 18. Let j be 1 + -1 + (-8)/(-4) + -15. Let p be b(j). What is the units digit of f(p)?
1
Suppose 370*i - 9076 = 367*i + r, -9056 = -3*i - 4*r. What is the units digit of i?
4
What is the hundreds digit of ((-71)/2)/((-17 + 11)/132)?
7
Suppose -14828 = -18*m + 7*m. Suppose -4*k - 5*t + m = 0, 4*t - 1364 = -4*k + 3*t. What is the tens digit of k?
4
Suppose 3*x - 2*f + 34 = 3*f, -2*x = -5*f + 26. Let v = -41 + 81. Let g = v - x. What is the tens digit of g?
4
Let x(g) = -6*g + 31. Suppose 0 = -17*u + 12*u - 15. Let o be u - 62/5 - (-6)/15. What is the units digit of x(o)?
1
What is the tens digit of 40840/2 - (-633)/211?
2
Let f = -643 + 1346. Let z = 1319 - f. What is the tens digit of z?
1
Suppose -239205 = 2*r - 5*i - 859089, 929848 = 3*r - 2*i. What is the tens digit of r/377 + (4/26)/(-1)?
2
Let q = 10 + 38. Let y be (24/q)/(1/4). Suppose 5*i + a - 219 = 0, i - 134 = -2*i + y*a. What is the tens digit of i?
4
Let w(l) = 21*l + 11. Let i(d) = 22*d + 12. Let b(a) = 3*i(a) - 2*w(a). Let x be b(-6). Let r = 227 + x. What is the tens digit of r?
9
Suppose -i - 3*n = -2*i + 10080, -5*n - 50350 = -5*i. What is the units digit of i?
5
Suppose 0*n + 2*n - 9194 = 4*l, -l = 5. What is the hundreds digit of n?
5
Suppose 0 = 11*t - 13*t - 4. Let u be ((-97)/t)/(1/6). Suppose 5*r + i - u = 0, 22 = -3*r - i + 195. What is the tens digit of r?
5
Let q(o) = o**3 - 188*o**2 + 499*o - 435. What is the units digit of q(186)?
7
Let v = 372 - 212. Let m be (6/(-15))/(-1*(-4)/v). What is the tens digit of ((-66)/8)/((39/m)/13)?
4
What is the ten thousands digit of 8 - ((-10980)/(-3))/((-45)/210)?
1
Let j(c) = c**3 - 10*c**2 + 16*c + 7. Let n be 48/(-10)*(-495)/297. What is the units digit of j(n)?
7
Let c = 5466 - 2534. What is the tens digit of c?
3
Let d(i) = 6*i**2 - 29*i. Let t be d(5). Suppose 429 = -5*y - 3*u + 3344, -t*y = 4*u - 2915. What is the tens digit of y?
8
Let o(b) = b**2 + 8*b - 14. Suppose u = 4*u + 30. Let n be o(u). Suppose -n*t = -8*t + 160. What is the units digit of t?
0
Let c be (3 - 11)*(-49)/4. Suppose -2*u - 2 = 0, k - 4*u + 0*u - c = 0. What is the units digit of k?
4
Suppose 0 = -8*h + 6 + 18. Suppose l - 136 = -h*l. What is the tens digit of l?
3
Let z = -128 - -128. Let k(s) = -s**3 - s**2 + s + 25. What is the units digit of k(z)?
5
Suppose